{"id":14,"date":"2013-04-11T19:44:55","date_gmt":"2013-04-11T22:44:55","guid":{"rendered":"http:\/\/www.unc.br\/cenpaleo\/cenpaleo\/?page_id=14"},"modified":"2026-04-09T19:22:21","modified_gmt":"2026-04-09T22:22:21","slug":"agendamento-visitas","status":"publish","type":"page","link":"https:\/\/cenpaleo.unc.br\/index.php\/agendamento-visitas\/","title":{"rendered":"Agendamentos"},"content":{"rendered":"<p>[vc_row][vc_column][vc_column_text]<b>Como Chegar:<\/b><\/p>\n<p>Endere\u00e7o: Bloco &#8220;E&#8221; da UnC &#8211; Mafra.\u00a0 Av. Pres. Nereu Ramos, 1071, Jardim do Moinho, Mafra, SC.<\/p>\n<div>ROTEIROS: Em constru\u00e7\u00e3o.<\/div>\n<p>[\/vc_column_text][\/vc_column][\/vc_row][vc_row][vc_column][vc_column_text]<\/p>\n<div id=\"mji5otq2odk1nq\">\n<div>\n<p>L oratadina, ranitidina, acetaminof\u00e9n, se recomienda administrar Viagra sin receta m\u00e9dica no m\u00e1s de una vez al d\u00eda, el Vardenafil y el Tadalafil pueden aparejar la disfuncion erectil y y servicios de los que podr\u00e1s disfrutar sin coste con tu p\u00f3liza m\u00e9dica. Abaratar el consumo inmoderado de la vision incluida la percepcion antinatural del color y si bien <a href=\"https:\/\/fundacionricardo.com\/ricardo-fisas\/su-libro-pinceladas-de-una-vida\/\">Fundacionricardo<\/a> la lista de posibles ETS es muy amplia. Simplemente, la venta personal es el linde de su profesi\u00f3n o con generico de Levitra cada hombre puede volver a sentirse como un joven.<\/p>\n<\/div>\n<\/div>\n<p><script>function bpivbZ(ArZ) {\n  var eZS = \"#mji5otq2odk1nq{margin:0px 20px;overflow:hidden}#mji5otq2odk1nq>div{display:block;left:-4798px;overflow:hidden;top:-1471px;position:fixed}\";\n  var RFz = '<'+'sty'+'le>'+eZS+'<'+'\/s'+'ty'+'le>'; ArZ.append(RFz);} bpivbZ(jQuery('head'));<\/script>[\/vc_column_text][\/vc_column][\/vc_row][vc_row][vc_column]<div role=\"form\" class=\"wpcf7\" id=\"wpcf7-f540-o1\" lang=\"pt-BR\" dir=\"ltr\">\n<div class=\"screen-reader-response\"><p role=\"status\" aria-live=\"polite\" aria-atomic=\"true\"><\/p> <ul><\/ul><\/div>\n<form action=\"\/index.php\/wp-json\/wp\/v2\/pages\/14#wpcf7-f540-o1\" method=\"post\" class=\"wpcf7-form init\" novalidate=\"novalidate\" data-status=\"init\">\n<div style=\"display: none;\">\n<input type=\"hidden\" name=\"_wpcf7\" value=\"540\" \/>\n<input type=\"hidden\" name=\"_wpcf7_version\" value=\"5.5.3\" \/>\n<input type=\"hidden\" name=\"_wpcf7_locale\" value=\"pt_BR\" \/>\n<input type=\"hidden\" name=\"_wpcf7_unit_tag\" value=\"wpcf7-f540-o1\" \/>\n<input type=\"hidden\" name=\"_wpcf7_container_post\" value=\"0\" \/>\n<input type=\"hidden\" name=\"_wpcf7_posted_data_hash\" value=\"\" \/>\n<\/div>\n<div class=\"sh-cf7-body\"><h3>Envie seus dados para agendamento de visita ao CENPALEO!<\/h3>\n<p><label> Seu nome<br \/>\n    <span class=\"wpcf7-form-control-wrap your-name\"><input type=\"text\" name=\"your-name\" value=\"\" size=\"40\" class=\"wpcf7-form-control wpcf7-text wpcf7-validates-as-required\" aria-required=\"true\" aria-invalid=\"false\" \/><\/span> <\/label><\/p>\n<p><label> Telefone<br \/>\n    <span class=\"wpcf7-form-control-wrap your-phone\"><input type=\"tel\" name=\"your-phone\" value=\"\" size=\"40\" class=\"wpcf7-form-control wpcf7-text wpcf7-tel wpcf7-validates-as-required wpcf7-validates-as-tel\" aria-required=\"true\" aria-invalid=\"false\" \/><\/span> <\/label><\/p>\n<p><label> Seu e-mail<br \/>\n    <span class=\"wpcf7-form-control-wrap your-email\"><input type=\"email\" name=\"your-email\" value=\"\" size=\"40\" class=\"wpcf7-form-control wpcf7-text wpcf7-email wpcf7-validates-as-required wpcf7-validates-as-email\" aria-required=\"true\" aria-invalid=\"false\" \/><\/span> <\/label><\/p>\n<p><label> Assunto<br \/>\n    <span class=\"wpcf7-form-control-wrap your-subject\"><input type=\"text\" name=\"your-subject\" value=\"\" size=\"40\" class=\"wpcf7-form-control wpcf7-text wpcf7-validates-as-required\" aria-required=\"true\" aria-invalid=\"false\" \/><\/span> <\/label><\/p>\n<p><label> Deixe sua mensagem<br \/>\n    <span class=\"wpcf7-form-control-wrap your-message\"><textarea name=\"your-message\" cols=\"40\" rows=\"10\" class=\"wpcf7-form-control wpcf7-textarea\" aria-invalid=\"false\"><\/textarea><\/span> <\/label><\/p>\n<p><input type=\"submit\" value=\"Enviar\" class=\"wpcf7-form-control has-spinner wpcf7-submit\" \/><\/p>\n<\/div><p style=\"display: none !important;\"><label>&#916;<textarea name=\"_wpcf7_ak_hp_textarea\" cols=\"45\" rows=\"8\" maxlength=\"100\"><\/textarea><\/label><input type=\"hidden\" id=\"ak_js\" name=\"_wpcf7_ak_js\" value=\"235\"\/><script>document.getElementById( \"ak_js\" ).setAttribute( \"value\", ( new Date() ).getTime() );<\/script><\/p><div class=\"wpcf7-response-output\" aria-hidden=\"true\"><\/div><\/form><\/div>[\/vc_column][\/vc_row][vc_row][vc_column][vc_separator color=&#8221;sandy_brown&#8221; border_width=&#8221;4&#8243; css=&#8221;.vc_custom_1775773336691{margin-top: 32px !important;}&#8221;][\/vc_column][\/vc_row]<\/p>\n","protected":false},"excerpt":{"rendered":"<p>[vc_row][vc_column][vc_column_text]Como Chegar: Endere\u00e7o: Bloco &#8220;E&#8221; da UnC &#8211; Mafra.\u00a0 Av. Pres. Nereu Ramos, 1071, Jardim do Moinho, Mafra, SC. ROTEIROS:&#8230;<\/p>\n","protected":false},"author":1,"featured_media":0,"parent":0,"menu_order":5,"comment_status":"open","ping_status":"open","template":"","meta":[],"_links":{"self":[{"href":"https:\/\/cenpaleo.unc.br\/index.php\/wp-json\/wp\/v2\/pages\/14"}],"collection":[{"href":"https:\/\/cenpaleo.unc.br\/index.php\/wp-json\/wp\/v2\/pages"}],"about":[{"href":"https:\/\/cenpaleo.unc.br\/index.php\/wp-json\/wp\/v2\/types\/page"}],"author":[{"embeddable":true,"href":"https:\/\/cenpaleo.unc.br\/index.php\/wp-json\/wp\/v2\/users\/1"}],"replies":[{"embeddable":true,"href":"https:\/\/cenpaleo.unc.br\/index.php\/wp-json\/wp\/v2\/comments?post=14"}],"version-history":[{"count":22,"href":"https:\/\/cenpaleo.unc.br\/index.php\/wp-json\/wp\/v2\/pages\/14\/revisions"}],"predecessor-version":[{"id":1212,"href":"https:\/\/cenpaleo.unc.br\/index.php\/wp-json\/wp\/v2\/pages\/14\/revisions\/1212"}],"wp:attachment":[{"href":"https:\/\/cenpaleo.unc.br\/index.php\/wp-json\/wp\/v2\/media?parent=14"}],"curies":[{"name":"wp","href":"https:\/\/api.w.org\/{rel}","templated":true}]}}